 Let q be ((-22)/g)/(2/(-4)). Calculate the highest common factor of 121 and q.
11
Let h = 7 + -1. What is the greatest common factor of h and 6?
6
Suppose 3*z - 10 = 2*z. Let a(y) = y**3 - 6*y**2 + 2*y + 1. Let k be a(5). Let j be (-24)/k + 2/7. What is the greatest common divisor of z and j?
2
Suppose -2*j = 3*w - 1 - 2, 5*j = -5*w + 15. What is the highest common factor of j and 8?
2
Let c be ((-6)/4)/(3/(-4)). Suppose 44 = c*k - 4. Calculate the highest common factor of k and 8.
8
Suppose -4*q + 419 = -121. Calculate the highest common factor of 54 and q.
27
Let x = -1 + 13. Let k be 48/(-32) + 492/8. What is the greatest common divisor of k and x?
12
Let y be 14/(-21) + (1640/6)/5. What is the highest common factor of 18 and y?
18
Suppose -3*v = 2*d - 219, 0 = 4*d + 2*v - 308 - 118. Calculate the highest common divisor of 15 and d.
15
Suppose 0 = 3*y + k - 51, 3*k + 23 = -3*y + 80. What is the greatest common factor of 368 and y?
16
Let j be 4*-1 - -3 - -5. Let d = j - -16. Calculate the highest common divisor of 50 and d.
10
Suppose 0 = 4*f + 5*q - 372 + 37, -5*q = -5*f + 475. What is the greatest common factor of f and 10?
10
Let b be (0 - (0 - 3))/(3/44). What is the greatest common divisor of 11 and b?
11
Let z(c) = 13*c**2 + 2*c + 1. Let u be z(-1). What is the highest common factor of u and 18?
6
Suppose -4*z + 0*a - 3*a + 14 = 0, -5*a = z + 5. Let m(i) = -i + 7. Let w be m(z). Calculate the greatest common divisor of w and 6.
2
Suppose 2*v + 3*m = 87, -19 = -v + m + 17. What is the highest common divisor of 91 and v?
13
Let j = -2 + 9. Let x = 17 - j. Let g = -48 + 68. What is the greatest common divisor of g and x?
10
Let j = 27 - -7. What is the highest common divisor of j and 85?
17
Let s(w) = 18*w + 1. Let u be s(1). Let z be -2 + (4/2 - 0). Suppose z*h + 89 = 3*h - 5*v, 5*h = 2*v + 180. Calculate the highest common divisor of u and h.
19
Let v be 60/(-9)*(-156)/8. What is the highest common factor of 26 and v?
26
Let t(o) = o**3 - 6*o**2 + 2*o + 6. Let r be t(6). What is the highest common divisor of 45 and r?
9
Suppose -156 = -5*c - 3*v, 0*v - 2*v = c - 34. Calculate the greatest common factor of 24 and c.
6
Let r(i) = i**3 + i - 1. Let o(h) = -6*h**3 - 4*h**2 - 4*h + 1. Let z(g) = -o(g) - 5*r(g). Let a be z(-4). What is the highest common factor of 88 and a?
8
Suppose -j = g - 31, -g + 5*j = 4*g - 145. What is the highest common divisor of 12 and g?
6
Let r = 35 + -23. Calculate the highest common factor of 60 and r.
12
Let t = 5 + -2. Suppose -t*g - 6 = -18. Suppose -g*v = v - 80. What is the highest common divisor of v and 24?
8
Suppose -11*h = -12*h + 5. What is the greatest common divisor of 5 and h?
5
Suppose -6*l + 19 = -l + 3*m, 3*m + 26 = 4*l. Let d = 41 + -21. What is the greatest common divisor of d and l?
5
Suppose 7*t - 3*t - 12 = 0. Suppose -4*r + t*m = -22 - 6, 0 = -3*r - 5*m + 21. Let a = -1 + r. What is the highest common factor of 6 and a?
6
Let a = 9 + -7. Suppose f = 5*b - 0*b + 2, 0 = 2*b - a. Let u = -2 + f. What is the greatest common divisor of u and 10?
5
Suppose 2*r - 32 = -0*r. Let o = r + -14. What is the highest common divisor of 5 and o?
1
Suppose -6*k = -2*k - 24. Let b = 16 - k. Calculate the greatest common divisor of b and 70.
10
Let y be -1*(-3 + 2 + -2). Suppose 0*s = -y*s + 57. Let i(b) = -b**3 + 9*b**2 + 15*b - 12. Let k be i(10). Calculate the highest common factor of k and s.
19
Let s(k) = 17*k**2 - 4*k. Let x be s(-1). Calculate the greatest common divisor of x and 3.
3
Let s(q) = -q - 2. Let z be s(-6). Let u be (-3 - -3) + z/(-2). Let h be (3 - -40) + (u - 1). What is the highest common factor of 10 and h?
10
Suppose -2*o + 156 = 4*c - 236, 5*o - 987 = -3*c. What is the highest common factor of 18 and o?
18
Suppose -5*a - 198 = -678. Calculate the greatest common factor of 24 and a.
24
Let o = 61 - 51. What is the greatest common divisor of o and 70?
10
Suppose 3*k - 435 = -5*f, -19 - 1 = 4*k. What is the greatest common divisor of f and 60?
30
Let j(c) = c + 40. Let t be j(0). Calculate the highest common divisor of t and 16.
8
Let a be (-8*1)/2 + 121. Calculate the greatest common divisor of a and 13.
13
Let g(i) = i + 3*i + 0*i. Let k be g(3). Suppose 4*v - u = 67, -5*v + v - 2*u = -82. Calculate the greatest common factor of v and k.
6
Let n = 19 - 12. What is the greatest common factor of n and 70?
7
Let o = 1 - -8. Suppose 2*q + 2*q + o = 3*y, -4*q + 9 = 3*y. Calculate the greatest common factor of y and 9.
3
Let q = -52 + 75. Calculate the greatest common factor of 69 and q.
23
Let i be (-1)/(-2) + 18/4. Let r(f) = f**2 - f - 5. Let a be r(i). What is the highest common factor of a and 120?
15
Let h = -40 + 53. Calculate the greatest common factor of h and 104.
13
Suppose 0 = 5*s + o - 32, -5*s + 4*o + 38 = -9. Let x = 86 + -51. What is the greatest common factor of s and x?
7
Let a be -7*(18/7)/(-3). Suppose 0 = 2*y - a*y - 5*z + 741, -y = -2*z - 195. Let r be (6/(-7))/((-9)/y). What is the highest common divisor of 3 and r?
3
Let o = -2 + 1. Let n be o/4 - (-35)/(-4). Let d be 3*(-1)/(-3) - n. Calculate the greatest common divisor of 40 and d.
10
Let d be (64/3)/((-4)/(-18)). Suppose 4*g = 4*m - 0 + 128, 3*g - m - d = 0. Calculate the highest common divisor of 4 and g.
4
Suppose -3*y + 6 = 0, -3*n + 2*y + 1 = 2. Suppose -h + n + 1 = 0. Suppose h*j - 146 = -5*f + 98, -2*f = j - 98. What is the highest common factor of f and 8?
8
Let u = 75 + -42. Let l = u + -15. Suppose -4*o - 3*s = -345, 2*s = -3*o + 7*s + 295. What is the greatest common divisor of o and l?
18
Let b be (-6*(-15)/(-20))/((-3)/16). Calculate the greatest common factor of b and 8.
8
Let n be -5 + 4 + 4 + 1. Calculate the highest common factor of n and 6.
2
Let s(d) = d**3 - 5*d**2 - 7*d + 3. Let a be s(5). Let i = 48 + a. Suppose 38 - 14 = h. What is the greatest common divisor of i and h?
8
Let o be (-540)/(3 + (-9)/2). What is the greatest common factor of o and 40?
40
Let o(l) = -7*l - 8. Let i be o(-6). Let h(d) = 2*d**2 - 5*d + 3. Let y be h(-7). Let w be ((-1)/2)/((-4)/y). Calculate the greatest common divisor of i and w.
17
Let p be (-29)/(4 + -5 + 0). What is the highest common factor of p and 203?
29
Suppose -189 - 171 = -3*m. What is the greatest common divisor of 30 and m?
30
Suppose 4*u = 7*u + 2*s - 232, -2*u - s = -155. Calculate the greatest common divisor of 52 and u.
26
Let u be ((-4)/5)/((-10)/(-625)). Let y = 163 + u. Suppose 3*t = -5*g + y, -5*t - 5*g - 49 + 234 = 0. What is the greatest common divisor of t and 4?
4
Suppose 339 = 4*v - p, 2*p + 3*p = 4*v - 351. What is the greatest common divisor of 21 and v?
21
Let s be (3 - 1)/(3/(-24)). Let k be 3 - (-3)/((-6)/s). What is the greatest common divisor of 88 and k?
11
Suppose 0 = -2*r + q + 37, -5*r + 4*q = -q - 85. Calculate the highest common divisor of r and 160.
20
Suppose -5*k - 96 = -9*k. Suppose 2*b - 6*b - 4*s + 980 = 0, 0 = -5*b - s + 1205. What is the highest common factor of b and k?
24
Let f(x) = -x**3 + 14*x**2 + 13. Let y be f(12). Calculate the greatest common divisor of y and 43.
43
Suppose -38 + 6 = -4*m. Calculate the highest common factor of m and 20.
4
Let n = 4 - 1. Let r be -1 - -16 - -3 - n. Let s = -142 + 247. Calculate the highest common divisor of r and s.
15
Let d = 15 + -5. Calculate the greatest common factor of 2 and d.
2
Let m = -5 - -12. Let g be (2 - m) + 3 - -13. Let z be (33/4)/((-9)/(-24)). What is the highest common factor of z and g?
11
Let u be 0 + 6 + (-1)/1. Let q be (1/2)/(2/100). Calculate the highest common divisor of q and u.
5
Suppose -g - 5*a + 10 = -a, 2 = 2*a. Calculate the greatest common divisor of g and 42.
6
Let f(b) be the first derivative of 29*b**3/3 - 3*b**2/2 + 2*b + 2. Let o be f(1). Calculate the greatest common divisor of o and 70.
14
Suppose -18 = q - 0*q. Let p be (18/(-4) - -1)*q. Let m be 1 - 1 - (0 - 7). Calculate the greatest common factor of m and p.
7
Let a(u) = 4*u**3 + u - 1. Suppose -2*q + 0*b - 23 = -5*b, q + 19 = 4*b. Let y be a(q). What is the greatest common divisor of y and 44?
4
Let l be (-2)/(-5) - (-329)/(-35). Let c be 22/4 + l/6. Calculate the highest common divisor of c and 20.
4
Suppose -2*c - 4 = 4*w - 0*c, 0 = -3*w + 4*c - 25. Let p = w - -6. Let q b